6*g + 4. What is the units digit of c(-5)?
4
Let b(c) = 1 + 0*c - 2*c + 2*c - 3*c + 21*c**2. What is the tens digit of b(1)?
1
Let h(k) = k**3 - k + 44. Let o be h(0). Suppose u + d - 15 = 0, -2*u - 4*d + o = u. What is the units digit of u?
6
What is the units digit of 5 + -6 + 9/1?
8
Let r = -11 + 5. Let z be (r/(-9))/(2/3). What is the units digit of 1 + z - -6 - -1?
9
Suppose -q + 4*r = -0*q - 23, 5*r = -4*q - 13. What is the units digit of q?
3
Suppose -7*r = -4*r - 12, 0 = 3*a + 5*r - 2. What is the units digit of 3 + -3*4/a?
5
What is the units digit of -17*(-3)/(-12)*-4?
7
Suppose 4*j = 8, -4*j - 200 = -2*l - 5*j. Suppose v + 5*a + l = 5*v, -129 = -5*v + a. Suppose -v - 19 = -3*x. What is the tens digit of x?
1
Suppose -o = 2*o - 210. Suppose 3*i + 3 = 0, -t - 2*i + o = 3*t. What is the units digit of t?
8
Let q(p) be the first derivative of -p**4/4 - 7*p**3/3 - 4*p**2 - 7*p + 1. Let i be 2/(-3) + (-48)/9. What is the units digit of q(i)?
5
What is the units digit of (-7 - -8)/(3/453)?
1
Let o(b) = -2*b**2 + 3*b + 3. Let u be o(3). Let w(q) be the first derivative of q**3/3 + 7*q**2/2 + 8*q + 1. What is the units digit of w(u)?
2
Suppose 0 = 2*x - x + 2. Let r be 3 + (-3 - x)*5. What is the units digit of 1 - r/4*0?
1
Suppose -5*r + 5*o = 0, 0 = 2*o + 2*o - 8. Let q be 0 - r - 5/(-1). What is the units digit of q/(1/(-8)*-3)?
8
Let g(o) = -o**3 + 4*o**2 + 6*o - 2. Let w be g(5). Suppose 4 = 2*y, y + 6 = w*d - d. What is the units digit of d?
4
Let l(g) = -3*g - 6. Suppose 4*k + 9 = z, k - 5*k - 44 = 4*z. What is the units digit of l(z)?
5
Suppose -5*i - 3*t - 2 + 13 = 0, -2 = -t. Let k(w) = 0 - 8*w + 3*w - 1 + 9*w. What is the units digit of k(i)?
3
What is the tens digit of (-105)/2*28/(-35)?
4
Suppose -4*r = -r + b - 11, 2*b - 10 = 0. What is the units digit of r?
2
Let z be 2/(-8) - (-41)/4. Let m = z - 7. Suppose 0 = m*n - 12. What is the units digit of n?
4
Suppose f = -0*f + 97. Suppose 3*x - 87 = -3*r, -3*r = -5*x - f + 2. What is the tens digit of r?
3
Let t(g) be the second derivative of -g**5/20 + g**4/12 - g**3/3 + g**2/2 + 3*g. Let k be t(-2). Let w = -7 + k. What is the tens digit of w?
1
Let z(w) = 12*w**2 - 5*w + 1. What is the tens digit of z(2)?
3
Let h be 2 + 8/(-1 + 2). Let t be (h/(-4) - -2)*0. Suppose -4*r - i + 13 = -7, t = 4*r - 4*i. What is the units digit of r?
4
Let o = -14 - -7. What is the units digit of o/(-42) + (-82)/(-12)?
7
Let o(g) = -54*g**3 + g + 1. What is the units digit of o(-1)?
4
Let q = -125 + 265. What is the hundreds digit of q?
1
Suppose -n = 3*d - 120, -d - 23 = 2*n - 63. What is the tens digit of d?
4
Let j(s) = 3*s**2 - s. Let x be j(1). Let l be 123/9 - x/(-6). What is the units digit of -2*l/4*-1?
7
Let a = 53 + 22. What is the units digit of a?
5
Let y = -18 + 18. Suppose 4*x + 3*d - 134 = y, -4*x + 132 = 2*d - 0*d. What is the units digit of x?
2
Suppose 5*u - 24 = -0*u - v, 5*v - 36 = -4*u. Suppose 0 = 4*j + 5*q - 72, -5*j + j - u*q + 68 = 0. What is the units digit of j?
3
Let c(d) = -7*d + 0*d**2 + 4*d**2 - 3*d**2 + 9. Let l(t) = -6*t**3 + 2*t**2 + 2*t + 1. Let b be l(-1). What is the units digit of c(b)?
9
Let g(r) = r - 1. Let a = -5 - -8. What is the units digit of g(a)?
2
Let z = -9 + 25. What is the tens digit of z?
1
Let c = 40 - -1. Suppose 41 = 3*h - 5*x, -5*h - x + 74 = -c. What is the tens digit of h?
2
Let v(d) = 8*d - 4. Let l be v(3). Suppose 0 = 4*z - 16 - l. What is the units digit of z?
9
Suppose -i - 3*i = -32. Suppose -v - f = -7, i*f = -5*v + 5*f + 39. What is the units digit of v?
9
Suppose 0 = -y - y + 22. Let a be (2 + -1 - 1) + -7. Let h = a + y. What is the units digit of h?
4
Let p = 7 - 15. Let m be 6/10 - p/20. What is the units digit of (-3)/(-4 + m + 0)?
1
Let m = 44 - 30. Suppose -3*q + m = -q. What is the units digit of q?
7
Let o(n) = -n**3 - n**2 + 3. Let l(k) be the second derivative of k**3/6 - 2*k**2 + 2*k. Let v be l(4). What is the units digit of o(v)?
3
Suppose -3*b - 3*q + 12 = 0, 6 = 4*b + q - 2*q. What is the units digit of 6/b - 20/(-1)?
3
Let t = 12 - 24. Let s = t - -18. What is the units digit of (-1 - 2)/((-2)/s)?
9
Let h(j) = -j**2 + 6*j + 6. Let v be h(6). Let n = v + 5. What is the tens digit of n?
1
What is the tens digit of (-7)/49 - 183/(-7)?
2
Suppose -3*o + 10 = -8. What is the units digit of o?
6
Let g(l) = 2*l - 2. Let z(h) = 11*h**2 - 2*h + 1. Let t be z(1). Suppose j + 4*q = 26, -5*q + 9 = -j - t. What is the units digit of g(j)?
0
Let o(g) = g**2 + 2*g + 3. Let a be o(-2). Suppose -27 = a*y + 6. Let q = y + 18. What is the units digit of q?
7
Let b(v) = -16*v + 3. Let x be b(-3). Suppose -4*z = -x - 17. What is the tens digit of z?
1
Let o = 0 - -3. Suppose -y + 3*p = -5, -2*y + 2 = -o*p - 20. Suppose 3*z + 13 = 2*m + 4*z, -5*z + y = 4*m. What is the units digit of m?
8
Let z = 4 + -2. Suppose 3*s = 3*j + 6, 0*j + 6 = -3*j - z*s. Let v(o) = -2*o - 1. What is the units digit of v(j)?
3
Suppose -3*a + 30 = 5*n, n + 5*a - 6 = 4*a. Suppose n*c = 4*c + 114. What is the units digit of c?
7
Let v be 8/6*(-150)/(-4). Suppose -4*n = i - 13, v = 2*i + i + n. Let a = i - 9. What is the units digit of a?
8
Suppose -j = -4*h + 61, 4*h + 0*h + 2*j - 70 = 0. What is the tens digit of h?
1
Suppose -3*z = -z - 236. What is the units digit of z?
8
Let z(l) be the first derivative of -l**4/4 - 2*l**3 + 3*l**2 + 9*l - 5. What is the units digit of z(-7)?
6
Let k = -7 + 10. Let f(h) = h - 1. Let i be f(k). What is the tens digit of -2*i/(-4)*11?
1
Let c(a) = a + 10. Suppose -4*t + u - 32 = 2*u, -8 = t - 3*u. Let i be c(t). Suppose -40 = -2*z - i*z. What is the tens digit of z?
1
Let v(i) = -i**3 + 8*i**2 + 12*i - 9. Let j = 18 - 9. What is the units digit of v(j)?
8
Let j(z) = 3*z - 6. What is the tens digit of j(16)?
4
Suppose 9 + 1 = 2*w. Suppose -2*o + 4*m + 24 = -o, 2*m + 192 = w*o. Suppose -4*c = 16 - o. What is the units digit of c?
6
Suppose 3*f - 47 = -2*p + 191, 0 = f + 5*p - 88. Suppose 12 = 5*v - f. What is the units digit of v?
8
Suppose p = 4*v + 42, -2 = v - 3. What is the units digit of p?
6
Let s(t) = 13*t**3 - 2*t + 1. What is the hundreds digit of s(2)?
1
Let y = -317 - -448. What is the units digit of y?
1
What is the hundreds digit of ((-4)/8)/(1/8) + 378?
3
What is the units digit of 44/(-55)*130/(-4)?
6
Let p(k) = -2*k**2 - 11*k - 5. Let g be (12/10)/(3/(-10)). What is the units digit of p(g)?
7
What is the units digit of -3 + 0 + (14/2 - -66)?
0
Let n be -1*1 - 2*-3. Suppose 0 = 2*v + 3*v + 4*g - 14, 2*v - 2*g - 2 = 0. Suppose v*w = 4*c + 7 + 7, -19 = -4*w + n*c. What is the units digit of w?
1
Let k be (1 + 1 - 3)*-1. Suppose 4*b - k = -5. Let a = b - -10. What is the units digit of a?
9
Suppose l - 9 + 4 = -2*o, 2*o - 3*l = 9. Suppose -8 = -o*d + d. Suppose 0 = 5*v + d*s - 49, -5 = -5*s - 0. What is the units digit of v?
9
Let o = 3 + -1. Suppose o*l + 5 - 29 = 0. What is the units digit of l?
2
Suppose 0 = 2*c + 4 + 6. Let v = 14 + c. Suppose 3*i - v - 3 = 0. What is the units digit of i?
4
Let d(t) = -2*t**3 + 2*t**2 + 2*t + 1. Suppose 0 = -5*z - 9 - 1. What is the units digit of d(z)?
1
Let q(u) = 10*u - 1. Let j = -8 - -13. Let s(h) = -h - 1. Let l(k) = j*s(k) + q(k). What is the units digit of l(4)?
4
Suppose 7 = -5*g - 3. Let a(p) = -3 - 3 + 5 - 2*p. What is the units digit of a(g)?
3
Suppose 2*x = 3*x - 2*t - 7, 3*t = 5*x - 14. Let m be (2/(-4))/(x/(-4)). Suppose 7 - m = g. What is the units digit of g?
5
Let t(d) = 3*d**3 - 5*d**2 + 6*d - 4. What is the tens digit of t(5)?
7
Suppose -2 = -t + 1. Suppose -b + t = 1. Suppose -3*z + 2*a + 6 = 0, b*z + 0 - 4 = -5*a. What is the units digit of z?
2
Suppose 3*q = 4*m + 12, 3*q - 5*q - 5*m = 15. Suppose -l + 2*z = -0 - 2, q = 3*z. What is the units digit of l?
2
Let l = 444 + -316. What is the tens digit of l?
2
Suppose -24 = -6*q - 0. What is the units digit of q?
4
Suppose 0 = -o + 4*o + 24. Let b = 27 + o. What is the units digit of b?
9
Suppose u = 3*h - 12 + 126, 5*u = h + 556. What is the tens digit of u?
1
Suppose 3*l = -4*l + 364. What is the tens digit of l?
5
Let h(w) = w**3 + 14*w**2 + 20. What is the units digit of h(-14)?
0
Suppose 0 = -31*n + 36*n - 30. What is the units digit of n?
6
Suppose -5*w - 86 = -576. Suppose -2*u + 2*x + w = 0, -u - 3*x + 